{"id":1023,"date":"2023-05-17T11:48:22","date_gmt":"2023-05-17T11:48:22","guid":{"rendered":"https:\/\/ansi.ne\/?page_id=1023"},"modified":"2026-02-18T13:32:24","modified_gmt":"2026-02-18T13:32:24","slug":"strategies-niger-2-0","status":"publish","type":"page","link":"https:\/\/ansi.ne\/?page_id=1023","title":{"rendered":"Strat\u00e9gies Niger 2.0"},"content":{"rendered":"\t\t<div data-elementor-type=\"wp-page\" data-elementor-id=\"1023\" class=\"elementor elementor-1023\">\n\t\t\t\t\t\t\t\t\t<section class=\"elementor-section elementor-top-section elementor-element elementor-element-6eb9edc9 elementor-section-full_width elementor-section-height-default elementor-section-height-default\" data-id=\"6eb9edc9\" data-element_type=\"section\" data-settings=\"{&quot;background_background&quot;:&quot;classic&quot;}\">\n\t\t\t\t\t\t\t<div class=\"elementor-background-overlay\"><\/div>\n\t\t\t\t\t\t\t<div class=\"elementor-container elementor-column-gap-default\">\n\t\t\t\t\t<div class=\"elementor-column elementor-col-100 elementor-top-column elementor-element elementor-element-4f4d723\" data-id=\"4f4d723\" data-element_type=\"column\">\n\t\t\t<div class=\"elementor-widget-wrap elementor-element-populated\">\n\t\t\t\t\t\t\t\t<div class=\"elementor-element elementor-element-65e83101 elementor-widget elementor-widget-page-title\" data-id=\"65e83101\" data-element_type=\"widget\" data-settings=\"{&quot;align&quot;:&quot;center&quot;}\" data-widget_type=\"page-title.default\">\n\t\t\t\t<div class=\"elementor-widget-container\">\n\t\t\t\t\t\n\t\t<div class=\"hfe-page-title hfe-page-title-wrapper elementor-widget-heading\">\n\n\t\t\t\t\t\t\t\t\t\t\t<a href=\"https:\/\/ansi.ne\">\n\t\t\t\t\t\t<h2 class=\"elementor-heading-title elementor-size-default\">\n\t\t\t\t\t\t\t\t\n\t\t\t\tStrat\u00e9gies Niger 2.0  \n\t\t\t<\/h2 > \n\t\t\t\t\t\t\t\t\t<\/a>\n\t\t\t\t\t<\/div>\n\t\t\t\t<\/div>\n\t\t\t\t<\/div>\n\t\t\t\t\t<\/div>\n\t\t<\/div>\n\t\t\t\t\t\t\t<\/div>\n\t\t<\/section>\n\t\t\t\t<section class=\"elementor-section elementor-top-section elementor-element elementor-element-fafdd25 elementor-section-boxed elementor-section-height-default elementor-section-height-default\" data-id=\"fafdd25\" data-element_type=\"section\">\n\t\t\t\t\t\t<div class=\"elementor-container elementor-column-gap-default\">\n\t\t\t\t\t<div class=\"elementor-column elementor-col-100 elementor-top-column elementor-element elementor-element-5683d9b\" data-id=\"5683d9b\" data-element_type=\"column\">\n\t\t\t<div class=\"elementor-widget-wrap elementor-element-populated\">\n\t\t\t\t\t\t\t\t<div class=\"elementor-element elementor-element-c734fb6 elementor-widget elementor-widget-text-editor\" data-id=\"c734fb6\" data-element_type=\"widget\" data-widget_type=\"text-editor.default\">\n\t\t\t\t<div class=\"elementor-widget-container\">\n\t\t\t<style>\/*! elementor - v3.15.0 - 20-08-2023 *\/\n.elementor-widget-text-editor.elementor-drop-cap-view-stacked .elementor-drop-cap{background-color:#69727d;color:#fff}.elementor-widget-text-editor.elementor-drop-cap-view-framed .elementor-drop-cap{color:#69727d;border:3px solid;background-color:transparent}.elementor-widget-text-editor:not(.elementor-drop-cap-view-default) .elementor-drop-cap{margin-top:8px}.elementor-widget-text-editor:not(.elementor-drop-cap-view-default) .elementor-drop-cap-letter{width:1em;height:1em}.elementor-widget-text-editor .elementor-drop-cap{float:left;text-align:center;line-height:1;font-size:50px}.elementor-widget-text-editor .elementor-drop-cap-letter{display:inline-block}<\/style>\t\t\t\t<p>Pour atteindre nos objectifs et mener \u00e0 bien nos missions, nous avons mis\u00a0 en place des strat\u00e9gies :<\/p><ol><li><p>Collaboration avec les parties prenantes : Nous\u00a0 collaborons \u00e9troitement avec les acteurs gouvernementaux, le secteur priv\u00e9, la soci\u00e9t\u00e9 civile, les organisations internationales et les communaut\u00e9s locales. Une collaboration efficace permet de mobiliser les ressources, de partager les connaissances et de coordonner les efforts pour un d\u00e9veloppement harmonieux des TIC.<\/p><\/li><li><p>Renforcement des infrastructures : Nous travaillons sur le renforcement des infrastructures de t\u00e9l\u00e9communications et des r\u00e9seaux de communication. Cela peut inclure l&rsquo;investissement dans la fibre optique, les technologies sans fil, les centres de donn\u00e9es et les infrastructures de connectivit\u00e9 pour garantir un acc\u00e8s fiable et rapide \u00e0 l&rsquo;internet dans tout le pays.<\/p><\/li><li><p>Sensibilisation et formation : Nous mettons en place des programmes de sensibilisation et de formation aux TIC. Cela peut comprendre des ateliers, des formations en ligne, des campagnes de sensibilisation dans les \u00e9coles, les communaut\u00e9s et les entreprises pour renforcer les comp\u00e9tences num\u00e9riques et promouvoir une utilisation responsable des TIC.<\/p><\/li><li><p>Promotion de l&rsquo;innovation et de l&rsquo;entrepreneuriat : Nous encourageons l&rsquo;innovation et l&rsquo;entrepreneuriat dans le secteur des TIC en soutenant les startups, les incubateurs technologiques et les initiatives entrepreneuriales. Cela favorise le d\u00e9veloppement de solutions locales, l&rsquo;\u00e9mergence de nouvelles opportunit\u00e9s d&#8217;emploi et la stimulation de l&rsquo;\u00e9conomie num\u00e9rique.<\/p><\/li><li><p>D\u00e9veloppement de services en ligne : Nous travaillons en collaboration avec les institutions gouvernementales pour d\u00e9velopper des services en ligne conviviaux et accessibles. Cela peut impliquer la cr\u00e9ation de portails gouvernementaux unifi\u00e9s, de plateformes de services en ligne et de syst\u00e8mes de gestion \u00e9lectronique des documents pour faciliter les interactions entre les citoyens et l&rsquo;administration.<\/p><\/li><li><p>Partenariats internationaux : Nous \u00e9tablissons des partenariats avec des organisations internationales, des agences de d\u00e9veloppement et d&rsquo;autres pays pour b\u00e9n\u00e9ficier de l&rsquo;expertise, des ressources et des bonnes pratiques en mati\u00e8re de d\u00e9veloppement des TIC. Cela favorise l&rsquo;\u00e9change d&rsquo;exp\u00e9riences, la coop\u00e9ration technique et l&rsquo;acc\u00e8s \u00e0 des financements suppl\u00e9mentaires.<\/p><\/li><li><p>Suivi et \u00e9valuation : Nous mettons en place des m\u00e9canismes de suivi et d&rsquo;\u00e9valuation pour mesurer les progr\u00e8s r\u00e9alis\u00e9s dans la mise en \u0153uvre de ses missions et objectifs. Cela permet d&rsquo;identifier les domaines qui n\u00e9cessitent des ajustements, d&rsquo;\u00e9valuer l&rsquo;impact des initiatives mises en place et d&rsquo;orienter les actions futures.<\/p><\/li><\/ol>\t\t\t\t\t\t<\/div>\n\t\t\t\t<\/div>\n\t\t\t\t\t<\/div>\n\t\t<\/div>\n\t\t\t\t\t\t\t<\/div>\n\t\t<\/section>\n\t\t\t\t<section class=\"elementor-section elementor-top-section elementor-element elementor-element-19f4bb3b elementor-section-boxed elementor-section-height-default elementor-section-height-default\" data-id=\"19f4bb3b\" data-element_type=\"section\" data-settings=\"{&quot;background_background&quot;:&quot;classic&quot;}\">\n\t\t\t\t\t\t<div class=\"elementor-container elementor-column-gap-default\">\n\t\t\t\t\t<div class=\"elementor-column elementor-col-100 elementor-top-column elementor-element elementor-element-2b6ea870\" data-id=\"2b6ea870\" data-element_type=\"column\">\n\t\t\t<div class=\"elementor-widget-wrap elementor-element-populated\">\n\t\t\t\t\t\t\t\t<section class=\"elementor-section elementor-inner-section elementor-element elementor-element-1eb8cc72 elementor-section-boxed elementor-section-height-default elementor-section-height-default\" data-id=\"1eb8cc72\" data-element_type=\"section\">\n\t\t\t\t\t\t<div class=\"elementor-container elementor-column-gap-default\">\n\t\t\t\t\t<div class=\"elementor-column elementor-col-33 elementor-inner-column elementor-element elementor-element-378848a\" data-id=\"378848a\" data-element_type=\"column\">\n\t\t\t<div class=\"elementor-widget-wrap\">\n\t\t\t\t\t\t\t\t\t<\/div>\n\t\t<\/div>\n\t\t\t\t<div class=\"elementor-column elementor-col-33 elementor-inner-column elementor-element elementor-element-71a4c7e4\" data-id=\"71a4c7e4\" data-element_type=\"column\">\n\t\t\t<div class=\"elementor-widget-wrap elementor-element-populated\">\n\t\t\t\t\t\t\t\t<div class=\"elementor-element elementor-element-43d0f048 elementor-widget elementor-widget-elementskit-heading\" data-id=\"43d0f048\" data-element_type=\"widget\" data-widget_type=\"elementskit-heading.default\">\n\t\t\t\t<div class=\"elementor-widget-container\">\n\t\t\t<div class=\"ekit-wid-con\" ><div class=\"ekit-heading elementskit-section-title-wraper text_center   ekit_heading_tablet-   ekit_heading_mobile-\"><h3 class=\"elementskit-section-subtitle  elementskit-style-border\">\n\t\t\t\t\t\tNIGER 2.0\n\t\t\t\t\t<\/h3><h2 class=\"ekit-heading--title elementskit-section-title \">Nos axes strat\u00e9giques <\/h2><\/div><\/div>\t\t<\/div>\n\t\t\t\t<\/div>\n\t\t\t\t\t<\/div>\n\t\t<\/div>\n\t\t\t\t<div class=\"elementor-column elementor-col-33 elementor-inner-column elementor-element elementor-element-72a9eb76\" data-id=\"72a9eb76\" data-element_type=\"column\">\n\t\t\t<div class=\"elementor-widget-wrap\">\n\t\t\t\t\t\t\t\t\t<\/div>\n\t\t<\/div>\n\t\t\t\t\t\t\t<\/div>\n\t\t<\/section>\n\t\t\t\t<section class=\"elementor-section elementor-inner-section elementor-element elementor-element-15c30604 elementor-section-boxed elementor-section-height-default elementor-section-height-default\" data-id=\"15c30604\" data-element_type=\"section\">\n\t\t\t\t\t\t<div class=\"elementor-container elementor-column-gap-default\">\n\t\t\t\t\t<div class=\"elementor-column elementor-col-25 elementor-inner-column elementor-element elementor-element-c31600\" data-id=\"c31600\" data-element_type=\"column\">\n\t\t\t<div class=\"elementor-widget-wrap elementor-element-populated\">\n\t\t\t\t\t\t\t\t<div class=\"elementor-element elementor-element-28ee05f0 ekit-equal-height-enable elementor-widget elementor-widget-elementskit-icon-box\" data-id=\"28ee05f0\" data-element_type=\"widget\" data-widget_type=\"elementskit-icon-box.default\">\n\t\t\t\t<div class=\"elementor-widget-container\">\n\t\t\t<div class=\"ekit-wid-con\" >        <!-- link opening -->\n                <a href=\"#\" target=\"_self\" rel=\"\" class=\"ekit_global_links\">\n                <!-- end link opening -->\n\n        <div class=\"elementskit-infobox text-center text- icon-top-align elementor-animation-   \">\n                            <div class=\"elementskit-box-header\">\n                <div class=\"elementskit-info-box-icon \">\n                    <img loading=\"lazy\" decoding=\"async\" width=\"144\" height=\"146\" src=\"https:\/\/ansi.ne\/wp-content\/uploads\/2023\/05\/busi_icon04.png\" class=\"attachment- size-\" alt=\"\" \/>                <\/div>\n          <\/div>\n                <div class=\"box-body\">\n                            <h3 class=\"elementskit-info-box-title\">\n                    CIT\u00c9 DE L&#039;INNOVATION                <\/h3>\n                        \t\t  <p>Technop\u00f4le \/ Pole technologique se focalisant dans les secteurs cl\u00e9s ( agriculture, \u00e9nergie, sant\u00e9, \u00e9ducation\/ constituant une zone d\u2019excellence et de r\u00e9f\u00e9rence dans la sous-r\u00e9gion.<\/p>\n                                <\/div>\n        \n        \n                <\/div>\n                <\/a>\n        <\/div>\t\t<\/div>\n\t\t\t\t<\/div>\n\t\t\t\t\t<\/div>\n\t\t<\/div>\n\t\t\t\t<div class=\"elementor-column elementor-col-25 elementor-inner-column elementor-element elementor-element-7a704437\" data-id=\"7a704437\" data-element_type=\"column\">\n\t\t\t<div class=\"elementor-widget-wrap elementor-element-populated\">\n\t\t\t\t\t\t\t\t<div class=\"elementor-element elementor-element-7fdb76a4 ekit-equal-height-enable elementor-widget elementor-widget-elementskit-icon-box\" data-id=\"7fdb76a4\" data-element_type=\"widget\" data-widget_type=\"elementskit-icon-box.default\">\n\t\t\t\t<div class=\"elementor-widget-container\">\n\t\t\t<div class=\"ekit-wid-con\" >        <!-- link opening -->\n                <a href=\"#\" target=\"_self\" rel=\"\" class=\"ekit_global_links\">\n                <!-- end link opening -->\n\n        <div class=\"elementskit-infobox text-center text- icon-top-align elementor-animation-   \">\n                            <div class=\"elementskit-box-header\">\n                <div class=\"elementskit-info-box-icon \">\n                    <img loading=\"lazy\" decoding=\"async\" width=\"159\" height=\"139\" src=\"https:\/\/ansi.ne\/wp-content\/uploads\/2023\/05\/busi_icon02.png\" class=\"attachment- size-\" alt=\"\" \/>                <\/div>\n          <\/div>\n                <div class=\"box-body\">\n                            <h3 class=\"elementskit-info-box-title\">\n                    VILLAGES INTELLIGENTS                <\/h3>\n                        \t\t  <p>Dans la droite ligne de la SDDCI- Niger2035, le village intelligent, contribuera \u00e0 atteindre les objectifs du d\u00e9veloppement durable.<\/p>\n                                <\/div>\n        \n        \n                <\/div>\n                <\/a>\n        <\/div>\t\t<\/div>\n\t\t\t\t<\/div>\n\t\t\t\t\t<\/div>\n\t\t<\/div>\n\t\t\t\t<div class=\"elementor-column elementor-col-25 elementor-inner-column elementor-element elementor-element-3b2b7c29\" data-id=\"3b2b7c29\" data-element_type=\"column\" data-settings=\"{&quot;background_background&quot;:&quot;classic&quot;}\">\n\t\t\t<div class=\"elementor-widget-wrap elementor-element-populated\">\n\t\t\t\t\t\t\t\t<div class=\"elementor-element elementor-element-63d16dc7 ekit-equal-height-enable elementor-widget elementor-widget-elementskit-icon-box\" data-id=\"63d16dc7\" data-element_type=\"widget\" data-widget_type=\"elementskit-icon-box.default\">\n\t\t\t\t<div class=\"elementor-widget-container\">\n\t\t\t<div class=\"ekit-wid-con\" >        <!-- link opening -->\n                <a href=\"#\" target=\"_self\" rel=\"\" class=\"ekit_global_links\">\n                <!-- end link opening -->\n\n        <div class=\"elementskit-infobox text-center text- icon-top-align elementor-animation-   \">\n                            <div class=\"elementskit-box-header\">\n                <div class=\"elementskit-info-box-icon \">\n                    <img loading=\"lazy\" decoding=\"async\" width=\"156\" height=\"163\" src=\"https:\/\/ansi.ne\/wp-content\/uploads\/2023\/05\/busi_icon06.png\" class=\"attachment- size-\" alt=\"\" \/>                <\/div>\n          <\/div>\n                <div class=\"box-body\">\n                            <h3 class=\"elementskit-info-box-title\">\n                    PROMOTION DU NUMERIQUE                <\/h3>\n                        \t\t  <p>L'ANSI organise des JPO (journ\u00e9es portes ouvertes) des TIC, chaque dernier Samedi du mois.\n<\/p>\n                                <\/div>\n        \n        \n                <\/div>\n                <\/a>\n        <\/div>\t\t<\/div>\n\t\t\t\t<\/div>\n\t\t\t\t\t<\/div>\n\t\t<\/div>\n\t\t\t\t<div class=\"elementor-column elementor-col-25 elementor-inner-column elementor-element elementor-element-337865cc\" data-id=\"337865cc\" data-element_type=\"column\" data-settings=\"{&quot;background_background&quot;:&quot;classic&quot;}\">\n\t\t\t<div class=\"elementor-widget-wrap elementor-element-populated\">\n\t\t\t\t\t\t\t\t<div class=\"elementor-element elementor-element-11bddd79 ekit-equal-height-enable elementor-widget elementor-widget-elementskit-icon-box\" data-id=\"11bddd79\" data-element_type=\"widget\" data-widget_type=\"elementskit-icon-box.default\">\n\t\t\t\t<div class=\"elementor-widget-container\">\n\t\t\t<div class=\"ekit-wid-con\" >        <!-- link opening -->\n                <a href=\"#\" target=\"_self\" rel=\"\" class=\"ekit_global_links\">\n                <!-- end link opening -->\n\n        <div class=\"elementskit-infobox text-center text- icon-top-align elementor-animation-   \">\n                            <div class=\"elementskit-box-header\">\n                <div class=\"elementskit-info-box-icon \">\n                    <img loading=\"lazy\" decoding=\"async\" width=\"182\" height=\"168\" src=\"https:\/\/ansi.ne\/wp-content\/uploads\/2023\/05\/busi_icon03.png\" class=\"attachment- size-\" alt=\"\" \/>                <\/div>\n          <\/div>\n                <div class=\"box-body\">\n                            <h3 class=\"elementskit-info-box-title\">\n                    E - GOUVERNEMENT                <\/h3>\n                        \t\t  <p>Le R\u00e9seau Informatique National de l\u2019Administration (RINA),sera partiellement fonctionnel d\u00e8s 2017 \u00e0 Niamey avant de s\u2019\u00e9tendre progressivement dans tout le Pays.<\/p>\n                                <\/div>\n        \n        \n                <\/div>\n                <\/a>\n        <\/div>\t\t<\/div>\n\t\t\t\t<\/div>\n\t\t\t\t\t<\/div>\n\t\t<\/div>\n\t\t\t\t\t\t\t<\/div>\n\t\t<\/section>\n\t\t\t\t\t<\/div>\n\t\t<\/div>\n\t\t\t\t\t\t\t<\/div>\n\t\t<\/section>\n\t\t\t\t\t\t\t<\/div>\n\t\t","protected":false},"excerpt":{"rendered":"<p>Strat\u00e9gies Niger 2.0 Pour atteindre nos objectifs et mener \u00e0 bien nos missions, nous avons mis\u00a0 en place des strat\u00e9gies : Collaboration avec les parties prenantes : Nous\u00a0 collaborons \u00e9troitement avec les acteurs gouvernementaux, le secteur priv\u00e9, la soci\u00e9t\u00e9 civile, les organisations internationales et les communaut\u00e9s locales. Une collaboration efficace permet de mobiliser les ressources, [&hellip;]<\/p>\n","protected":false},"author":1,"featured_media":0,"parent":0,"menu_order":0,"comment_status":"closed","ping_status":"closed","template":"elementor_canvas","meta":{"footnotes":""},"class_list":["post-1023","page","type-page","status-publish","hentry"],"_links":{"self":[{"href":"https:\/\/ansi.ne\/index.php?rest_route=\/wp\/v2\/pages\/1023","targetHints":{"allow":["GET"]}}],"collection":[{"href":"https:\/\/ansi.ne\/index.php?rest_route=\/wp\/v2\/pages"}],"about":[{"href":"https:\/\/ansi.ne\/index.php?rest_route=\/wp\/v2\/types\/page"}],"author":[{"embeddable":true,"href":"https:\/\/ansi.ne\/index.php?rest_route=\/wp\/v2\/users\/1"}],"replies":[{"embeddable":true,"href":"https:\/\/ansi.ne\/index.php?rest_route=%2Fwp%2Fv2%2Fcomments&post=1023"}],"version-history":[{"count":8,"href":"https:\/\/ansi.ne\/index.php?rest_route=\/wp\/v2\/pages\/1023\/revisions"}],"predecessor-version":[{"id":1189,"href":"https:\/\/ansi.ne\/index.php?rest_route=\/wp\/v2\/pages\/1023\/revisions\/1189"}],"wp:attachment":[{"href":"https:\/\/ansi.ne\/index.php?rest_route=%2Fwp%2Fv2%2Fmedia&parent=1023"}],"curies":[{"name":"wp","href":"https:\/\/api.w.org\/{rel}","templated":true}]}}