{"id":988,"date":"2023-05-17T09:14:51","date_gmt":"2023-05-17T09:14:51","guid":{"rendered":"https:\/\/ansi.ne\/?page_id=988"},"modified":"2026-02-18T14:46:45","modified_gmt":"2026-02-18T14:46:45","slug":"missions-objectifs","status":"publish","type":"page","link":"https:\/\/ansi.ne\/?page_id=988","title":{"rendered":"Missions &#038; Objectifs"},"content":{"rendered":"\t\t<div data-elementor-type=\"wp-page\" data-elementor-id=\"988\" class=\"elementor elementor-988\">\n\t\t\t\t\t\t\t\t\t<section class=\"elementor-section elementor-top-section elementor-element elementor-element-66f413a4 elementor-section-full_width elementor-section-height-default elementor-section-height-default\" data-id=\"66f413a4\" data-element_type=\"section\" data-settings=\"{&quot;background_background&quot;:&quot;classic&quot;}\">\n\t\t\t\t\t\t\t<div class=\"elementor-background-overlay\"><\/div>\n\t\t\t\t\t\t\t<div class=\"elementor-container elementor-column-gap-default\">\n\t\t\t\t\t<div class=\"elementor-column elementor-col-100 elementor-top-column elementor-element elementor-element-ae7eb66\" data-id=\"ae7eb66\" data-element_type=\"column\">\n\t\t\t<div class=\"elementor-widget-wrap elementor-element-populated\">\n\t\t\t\t\t\t\t\t<div class=\"elementor-element elementor-element-3ee18616 elementor-widget elementor-widget-page-title\" data-id=\"3ee18616\" data-element_type=\"widget\" data-settings=\"{&quot;align&quot;:&quot;center&quot;}\" data-widget_type=\"page-title.default\">\n\t\t\t\t<div class=\"elementor-widget-container\">\n\t\t\t\t\t\n\t\t<div class=\"hfe-page-title hfe-page-title-wrapper elementor-widget-heading\">\n\n\t\t\t\t\t\t\t\t\t\t\t<a href=\"https:\/\/ansi.ne\">\n\t\t\t\t\t\t<h2 class=\"elementor-heading-title elementor-size-default\">\n\t\t\t\t\t\t\t\t\n\t\t\t\tMissions &#038; Objectifs  \n\t\t\t<\/h2 > \n\t\t\t\t\t\t\t\t\t<\/a>\n\t\t\t\t\t<\/div>\n\t\t\t\t<\/div>\n\t\t\t\t<\/div>\n\t\t\t\t\t<\/div>\n\t\t<\/div>\n\t\t\t\t\t\t\t<\/div>\n\t\t<\/section>\n\t\t\t\t<section class=\"elementor-section elementor-top-section elementor-element elementor-element-31db33f6 elementor-section-boxed elementor-section-height-default elementor-section-height-default\" data-id=\"31db33f6\" data-element_type=\"section\" id=\"xs_tab_9\" data-settings=\"{&quot;background_background&quot;:&quot;classic&quot;}\">\n\t\t\t\t\t\t<div class=\"elementor-container elementor-column-gap-default\">\n\t\t\t\t\t<div class=\"elementor-column elementor-col-100 elementor-top-column elementor-element elementor-element-440fa2e2\" data-id=\"440fa2e2\" data-element_type=\"column\">\n\t\t\t<div class=\"elementor-widget-wrap elementor-element-populated\">\n\t\t\t\t\t\t\t\t<section class=\"elementor-section elementor-inner-section elementor-element elementor-element-56f475ff elementor-section-boxed elementor-section-height-default elementor-section-height-default\" data-id=\"56f475ff\" data-element_type=\"section\">\n\t\t\t\t\t\t<div class=\"elementor-container elementor-column-gap-default\">\n\t\t\t\t\t<div class=\"elementor-column elementor-col-100 elementor-inner-column elementor-element elementor-element-5854427\" data-id=\"5854427\" data-element_type=\"column\">\n\t\t\t<div class=\"elementor-widget-wrap elementor-element-populated\">\n\t\t\t\t\t\t\t\t<div class=\"elementor-element elementor-element-b1ed22b elementor-widget elementor-widget-elementskit-simple-tab\" data-id=\"b1ed22b\" data-element_type=\"widget\" data-widget_type=\"elementskit-simple-tab.default\">\n\t\t\t\t<div class=\"elementor-widget-container\">\n\t\t\t<div class=\"ekit-wid-con\" >        <div class=\"elementkit-tab-wraper   elementskit-fitcontent-tab \">\n            <ul class=\"nav nav-tabs elementkit-tab-nav  elementskit_pregress_style elementskit_pregress_style\">\n                                    <li class=\"elementkit-nav-item elementor-repeater-item-e7fb3c4\">\n                        <a class=\"elementkit-nav-link  active show left-pos\" id=\"content-e7fb3c469d4fa1586436-tab\" data-ekit-handler-id=\"missions\" data-ekit-toggle=\"tab\" data-target=\"#content-e7fb3c469d4fa1586436\" href=\"#Content-e7fb3c469d4fa1586436\"\n                            data-ekit-toggle-trigger=\"click\"\n                            aria-describedby=\"Content-e7fb3c469d4fa1586436\">\n                            <span class=\"fab fa-medapps elementskit-tab-icon\"><\/span>                            <span class=\"elementskit-tab-title\"> Missions<\/span>\n                        <\/a>\n                    <\/li>\n                                        <li class=\"elementkit-nav-item elementor-repeater-item-9077dfd\">\n                        <a class=\"elementkit-nav-link  left-pos\" id=\"content-9077dfd69d4fa1586436-tab\" data-ekit-handler-id=\"objectifs\" data-ekit-toggle=\"tab\" data-target=\"#content-9077dfd69d4fa1586436\" href=\"#Content-9077dfd69d4fa1586436\"\n                            data-ekit-toggle-trigger=\"click\"\n                            aria-describedby=\"Content-9077dfd69d4fa1586436\">\n                            <span class=\"icon icon-target-2 elementskit-tab-icon\"><\/span>                            <span class=\"elementskit-tab-title\"> Objectifs<\/span>\n                        <\/a>\n                    <\/li>\n                                <\/ul>\n\n            <div class=\"tab-content elementkit-tab-content\">\n                                    <div class=\"tab-pane elementkit-tab-pane elementor-repeater-item-e7fb3c4  active show\" id=\"content-e7fb3c469d4fa1586436\" role=\"tabpanel\"\n                         aria-labelledby=\"content-e7fb3c469d4fa1586436-tab\">\n                        <div class=\"animated fadeIn\">\n                            <p>L&rsquo;Agence Nationale pour la Soci\u00e9t\u00e9 d&rsquo;Information du Niger (ANSI-Niger) a plusieurs missions li\u00e9es au d\u00e9veloppement et \u00e0 la promotion de l&rsquo;utilisation des technologies de l&rsquo;information et de la communication. Voici quelques-unes de ses missions principales :<\/p><ol><li><p>D\u00e9veloppement des infrastructures num\u00e9riques : L&rsquo;ANSI-Niger travaille \u00e0 l&rsquo;am\u00e9lioration et \u00e0 l&rsquo;expansion des infrastructures de t\u00e9l\u00e9communications et des r\u00e9seaux de communication \u00e0 travers le pays. Cela comprend la mise en place de connexions Internet haut d\u00e9bit, la cr\u00e9ation de centres d&rsquo;acc\u00e8s \u00e0 l&rsquo;internet et l&rsquo;extension de la connectivit\u00e9 dans les zones rurales.<\/p><\/li><li><p>Promotion de l&rsquo;alphab\u00e9tisation num\u00e9rique : L&rsquo;agence s&rsquo;engage \u00e0 promouvoir la sensibilisation et la formation aux technologies de l&rsquo;information et de la communication. Elle organise des programmes de formation pour permettre aux citoyens d&rsquo;acqu\u00e9rir des comp\u00e9tences num\u00e9riques de base et d&rsquo;utiliser efficacement les outils et services en ligne.<\/p><\/li><li><p>D\u00e9veloppement des services en ligne : L&rsquo;ANSI-Niger travaille \u00e0 la cr\u00e9ation et \u00e0 l&rsquo;am\u00e9lioration des services en ligne pour les citoyens et les entreprises. Cela inclut le d\u00e9veloppement de portails gouvernementaux, de plateformes de services en ligne et d&rsquo;applications mobiles pour faciliter l&rsquo;acc\u00e8s aux informations, aux services administratifs, aux transactions en ligne, etc.<\/p><\/li><li><p>Promotion de l&rsquo;e-gouvernement : L&rsquo;agence encourage l&rsquo;utilisation des technologies de l&rsquo;information et de la communication dans l&rsquo;administration publique. Elle vise \u00e0 am\u00e9liorer l&rsquo;efficacit\u00e9 et la transparence des services publics en num\u00e9risant les processus administratifs, en fournissant des services en ligne et en facilitant les \u00e9changes d&rsquo;informations entre les diff\u00e9rentes institutions gouvernementales.<\/p><\/li><li><p>Sensibilisation et promotion de l&rsquo;usage des TIC : L&rsquo;ANSI-Niger m\u00e8ne des campagnes de sensibilisation pour promouvoir l&rsquo;adoption des technologies de l&rsquo;information et de la communication \u00e0 tous les niveaux de la soci\u00e9t\u00e9. Elle encourage l&rsquo;utilisation des TIC dans les secteurs de l&rsquo;\u00e9ducation, de la sant\u00e9, de l&rsquo;agriculture, de l&rsquo;\u00e9conomie, etc.<\/p><\/li><\/ol>                        <\/div>\n                    <\/div>\n                                    <div class=\"tab-pane elementkit-tab-pane elementor-repeater-item-9077dfd \" id=\"content-9077dfd69d4fa1586436\" role=\"tabpanel\"\n                         aria-labelledby=\"content-9077dfd69d4fa1586436-tab\">\n                        <div class=\"animated fadeIn\">\n                            <p>Les objectifs de l&rsquo;Agence Nationale pour la Soci\u00e9t\u00e9 d&rsquo;Information du Niger (ANSI-Niger) sont centr\u00e9s sur la promotion et le d\u00e9veloppement des technologies de l&rsquo;information et de la communication (TIC) dans le pays. Voici quelques-uns de ses objectifs principaux :<\/p><ol><li><p>Acc\u00e8s universel aux TIC : L&rsquo;ANSI-Niger vise \u00e0 favoriser l&rsquo;acc\u00e8s universel aux technologies de l&rsquo;information et de la communication. Cela comprend l&rsquo;extension de la connectivit\u00e9 Internet dans tout le pays, en particulier dans les zones rurales, afin de r\u00e9duire la fracture num\u00e9rique et de permettre \u00e0 tous les citoyens de b\u00e9n\u00e9ficier des avantages des TIC.<\/p><\/li><li><p>D\u00e9veloppement des infrastructures num\u00e9riques : L&rsquo;agence s&rsquo;efforce d&rsquo;am\u00e9liorer les infrastructures de t\u00e9l\u00e9communications et les r\u00e9seaux de communication au Niger. Son objectif est de renforcer la connectivit\u00e9, d&rsquo;augmenter la vitesse et la fiabilit\u00e9 de l&rsquo;acc\u00e8s \u00e0 l&rsquo;internet, ainsi que de d\u00e9velopper les infrastructures n\u00e9cessaires pour soutenir les services num\u00e9riques.<\/p><\/li><li><p>Alphab\u00e9tisation num\u00e9rique : L&rsquo;ANSI-Niger vise \u00e0 promouvoir l&rsquo;alphab\u00e9tisation num\u00e9rique et \u00e0 renforcer les comp\u00e9tences des citoyens en mati\u00e8re de TIC. L&rsquo;objectif est de permettre \u00e0 un plus grand nombre de personnes d&rsquo;utiliser efficacement les outils et les services num\u00e9riques, de comprendre les enjeux li\u00e9s \u00e0 la vie en ligne et de tirer pleinement parti des opportunit\u00e9s offertes par les TIC.<\/p><\/li><li><p>D\u00e9veloppement des services en ligne : L&rsquo;agence travaille \u00e0 la cr\u00e9ation et \u00e0 l&rsquo;am\u00e9lioration des services en ligne pour les citoyens, les entreprises et l&rsquo;administration publique. L&rsquo;objectif est de faciliter l&rsquo;acc\u00e8s aux informations, aux services administratifs, aux transactions en ligne, aux plateformes de commerce \u00e9lectronique, etc., afin de simplifier les proc\u00e9dures et de stimuler le d\u00e9veloppement \u00e9conomique et social.<\/p><\/li><li><p>Promotion de l&rsquo;e-gouvernement : L&rsquo;ANSI-Niger encourage l&rsquo;utilisation des TIC dans l&rsquo;administration publique. L&rsquo;objectif est d&rsquo;am\u00e9liorer l&rsquo;efficacit\u00e9, la transparence et la gouvernance des services publics en num\u00e9risant les processus administratifs, en facilitant l&rsquo;\u00e9change d&rsquo;informations entre les institutions gouvernementales et en fournissant des services en ligne accessibles aux citoyens.<\/p><\/li><\/ol>                        <\/div>\n                    <\/div>\n                            <\/div>\n        <\/div>\n    <\/div>\t\t<\/div>\n\t\t\t\t<\/div>\n\t\t\t\t\t<\/div>\n\t\t<\/div>\n\t\t\t\t\t\t\t<\/div>\n\t\t<\/section>\n\t\t\t\t\t<\/div>\n\t\t<\/div>\n\t\t\t\t\t\t\t<\/div>\n\t\t<\/section>\n\t\t\t\t\t\t\t<\/div>\n\t\t","protected":false},"excerpt":{"rendered":"<p>Missions &#038; Objectifs Missions Objectifs L&rsquo;Agence Nationale pour la Soci\u00e9t\u00e9 d&rsquo;Information du Niger (ANSI-Niger) a plusieurs missions li\u00e9es au d\u00e9veloppement et \u00e0 la promotion de l&rsquo;utilisation des technologies de l&rsquo;information et de la communication. Voici quelques-unes de ses missions principales : D\u00e9veloppement des infrastructures num\u00e9riques : L&rsquo;ANSI-Niger travaille \u00e0 l&rsquo;am\u00e9lioration et \u00e0 l&rsquo;expansion des infrastructures [&hellip;]<\/p>\n","protected":false},"author":1,"featured_media":0,"parent":0,"menu_order":0,"comment_status":"closed","ping_status":"closed","template":"elementor_canvas","meta":{"footnotes":""},"class_list":["post-988","page","type-page","status-publish","hentry"],"_links":{"self":[{"href":"https:\/\/ansi.ne\/index.php?rest_route=\/wp\/v2\/pages\/988","targetHints":{"allow":["GET"]}}],"collection":[{"href":"https:\/\/ansi.ne\/index.php?rest_route=\/wp\/v2\/pages"}],"about":[{"href":"https:\/\/ansi.ne\/index.php?rest_route=\/wp\/v2\/types\/page"}],"author":[{"embeddable":true,"href":"https:\/\/ansi.ne\/index.php?rest_route=\/wp\/v2\/users\/1"}],"replies":[{"embeddable":true,"href":"https:\/\/ansi.ne\/index.php?rest_route=%2Fwp%2Fv2%2Fcomments&post=988"}],"version-history":[{"count":29,"href":"https:\/\/ansi.ne\/index.php?rest_route=\/wp\/v2\/pages\/988\/revisions"}],"predecessor-version":[{"id":1192,"href":"https:\/\/ansi.ne\/index.php?rest_route=\/wp\/v2\/pages\/988\/revisions\/1192"}],"wp:attachment":[{"href":"https:\/\/ansi.ne\/index.php?rest_route=%2Fwp%2Fv2%2Fmedia&parent=988"}],"curies":[{"name":"wp","href":"https:\/\/api.w.org\/{rel}","templated":true}]}}